{"id":155,"date":"2018-12-06T18:37:33","date_gmt":"2018-12-06T17:37:33","guid":{"rendered":"https:\/\/offensive-gewerkschaftspolitik.de\/?page_id=155"},"modified":"2022-04-27T12:35:25","modified_gmt":"2022-04-27T10:35:25","slug":"antraege-gewerkschaftstag","status":"publish","type":"page","link":"https:\/\/offensive-gewerkschaftspolitik.de\/index.php\/antraege-gewerkschaftstag\/","title":{"rendered":"Antr\u00e4ge Gewerkschaftstag 2019"},"content":{"rendered":"<p><strong>Gesellschaftspoltische Antr\u00e4ge<\/strong><\/p>\n<ul>\n<li><a href=\"https:\/\/offensive-gewerkschaftspolitik.de\/wp-content\/uploads\/2019\/04\/GWT2019-Antrag-WiesLi-solidarische-Alterssicherung.pdf\">GWT2019-Antrag WiesbadenLimburg-solidarische Alterssicherung<\/a><\/li>\n<li><a href=\"https:\/\/offensive-gewerkschaftspolitik.de\/wp-content\/uploads\/2019\/04\/GWT2019-Antrag-WiesbadenLimburg-F\u00fcr-ein-neues-Arbeitsmarktregime.pdf\">GWT2019-Antrag WiesbadenLimburg-F\u00fcr ein neues Arbeitsmarktregime<\/a><\/li>\n<li><a href=\"https:\/\/offensive-gewerkschaftspolitik.de\/wp-content\/uploads\/2019\/04\/GWT2019-Antrag-Salzgitter-Frieden-und-Abr\u00fcstung.pdf\">GWT2019-Antrag-Salzgitter-Frieden und Abr\u00fcstung<\/a><\/li>\n<li><a href=\"https:\/\/offensive-gewerkschaftspolitik.de\/wp-content\/uploads\/2019\/04\/GWT2019-Antrag-Salzgitter-Renteneintrittsalter-Schwerbehinderter.pdf\">GWT2019-Antrag-Salzgitter-Renteneintrittsalter Schwerbehinderter<\/a><\/li>\n<li><a href=\"https:\/\/offensive-gewerkschaftspolitik.de\/wp-content\/uploads\/2019\/04\/GWT2019-Antrag-Salzgitter-Zum-Umgang-der-IG-Metall-mit-der-AfD.pdf\">GWT2019-Antrag Salzgitter-Zum Umgang der IG Metall mit der AfD<\/a><\/li>\n<li><a href=\"https:\/\/offensive-gewerkschaftspolitik.de\/wp-content\/uploads\/2019\/04\/GWT2019-Antrag-Salzgitter-Zukunft-der-Alterssicherung.pdf\">GWT2019-Antrag Salzgitter-Zukunft der Alterssicherung<\/a><\/li>\n<li><a href=\"https:\/\/offensive-gewerkschaftspolitik.de\/wp-content\/uploads\/2019\/04\/GWT2019-Antrag-Salzgitter-Verschlechterung-der-Versorgungsmedizin-Verordnung-stoppen.pdf\">GWT2019-Antrag Salzgitter-Verschlechterung der Versorgungsmedizin-Verordnung stoppen<\/a><\/li>\n<li><a href=\"https:\/\/offensive-gewerkschaftspolitik.de\/wp-content\/uploads\/2019\/04\/GWT2019-Antrag-Salzgitter-BR-fair-bezahlen.pdf\">GWT2019-Antrag Salzgitter-BR fair bezahlen<\/a><\/li>\n<li><a href=\"https:\/\/offensive-gewerkschaftspolitik.de\/wp-content\/uploads\/2019\/04\/GWT2019-Antrag-Salzgitter-BR-Wahl.pdf\">GWT2019-Antrag Salzgitter-BR-Wahl<\/a><\/li>\n<li><a href=\"https:\/\/offensive-gewerkschaftspolitik.de\/wp-content\/uploads\/2019\/04\/GWT2019-Antrag-Salzgitter-Betriebliches-Eingliederungsmanagement.pdf\">GWT2019-Antrag Salzgitter-Betriebliches Eingliederungsmanagement<\/a><\/li>\n<li><a href=\"https:\/\/offensive-gewerkschaftspolitik.de\/wp-content\/uploads\/2019\/04\/GWT2019-Antrag-HanauFulda-Friedenspolitik.pdf\">GWT2019-Antrag HanauFulda-Friedenspolitik<\/a><\/li>\n<li><a href=\"https:\/\/offensive-gewerkschaftspolitik.de\/wp-content\/uploads\/2019\/04\/GWT2019-Antrag-Gelsenkirchen-Gesellschaftspolitik_Sozialversicherung.pdf\">GWT2019-Antrag Gelsenkirchen-Gesellschaftspolitik_Sozialversicherung<\/a><\/li>\n<li><a href=\"https:\/\/offensive-gewerkschaftspolitik.de\/wp-content\/uploads\/2019\/04\/GWT2019-Antrag-Offenbach-Umgang-mit-der-AfD.pdf\">GWT2019-Antrag Offenbach-Umgang mit der AfD<\/a><\/li>\n<li><a href=\"https:\/\/offensive-gewerkschaftspolitik.de\/wp-content\/uploads\/2019\/04\/GWT2019-Antrag-LudwigshafenFrankenthal-Berufskrankheiten.pdf\">GWT2019-Antrag LudwigshafenFrankenthal-Berufskrankheiten<\/a><\/li>\n<li><a href=\"https:\/\/offensive-gewerkschaftspolitik.de\/wp-content\/uploads\/2019\/04\/GWT2019-Antrag-Saarbr\u00fccken-CO-2-Handel.pdf\">GWT2019-Antrag Saarbr\u00fccken-CO 2 Handel<\/a><\/li>\n<li><a href=\"https:\/\/offensive-gewerkschaftspolitik.de\/wp-content\/uploads\/2019\/05\/567_GS_210_Frankfurt-am-Main_Leistungen-der-Pflegeversicherung-au\u00dferhalb-der-EU.pdf\">567_GS_210_Frankfurt am Main_Leistungen der Pflegeversicherung au\u00dferhalb der EU<\/a><\/li>\n<li><a href=\"https:\/\/offensive-gewerkschaftspolitik.de\/wp-content\/uploads\/2019\/05\/564_GS_210_Frankfurt-am-Main_Mehr-Demokratie-wagen_-Die-Transformation-braucht.pdf\">564_GS_210_Frankfurt am Main_Mehr Demokratie wagen_ Die Transformation braucht<\/a><\/li>\n<li>&nbsp;<a href=\"https:\/\/offensive-gewerkschaftspolitik.de\/wp-content\/uploads\/2019\/05\/574_GS_210_Frankfurt-am-Main_Wei\u00dfbuch-der-Bundeswehr-und-die-Konzeption-Zivile-Verteidigung.pdf\">574_GS_210_Frankfurt am Main_Wei\u00dfbuch der Bundeswehr und die Konzeption Zivile Verteidigung<\/a><\/li>\n<li>&nbsp;<a href=\"https:\/\/offensive-gewerkschaftspolitik.de\/wp-content\/uploads\/2019\/05\/576_GS_210_Frankfurt-am-Main_Gegen-Aufr\u00fcstung-und-Militarisierung.pdf\">576_GS_210_Frankfurt am Main_Gegen Aufr\u00fcstung und Militarisierung<\/a><\/li>\n<li><a href=\"https:\/\/offensive-gewerkschaftspolitik.de\/wp-content\/uploads\/2019\/05\/560_GS_210_Frankfurt-am-Main_Verschlechterung-der-Versorgungsmedizin-Verordnung-stoppen.pdf\">60_GS_210_Frankfurt am Main_Verschlechterung der Versorgungsmedizin-Verordnung stoppen<\/a><\/li>\n<li><a href=\"https:\/\/offensive-gewerkschaftspolitik.de\/wp-content\/uploads\/2019\/05\/561_GS_210_Frankfurt-am-Main_Fr\u00fchere-Rente-f\u00fcr-schwerbehinderte-Menschen.pdf\">561_GS_210_Frankfurt am Main_Fr\u00fchere Rente f\u00fcr schwerbehinderte Menschen<\/a><\/li>\n<li><a href=\"https:\/\/offensive-gewerkschaftspolitik.de\/wp-content\/uploads\/2019\/05\/562_GS_210_Frankfurt-am-Main_Ausgleichsabgabe-erh\u00f6hen.pdf\">562_GS_210_Frankfurt am Main_Ausgleichsabgabe erh\u00f6hen<\/a><\/li>\n<li><a href=\"https:\/\/offensive-gewerkschaftspolitik.de\/wp-content\/uploads\/2019\/05\/573_GS_210_Frankfurt-am-Main_Gesetzliche-Rente-st\u00e4rken.pdf\">573_GS_210_Frankfurt am Main_Gesetzliche Rente st\u00e4rken<\/a><\/li>\n<li><a href=\"https:\/\/offensive-gewerkschaftspolitik.de\/wp-content\/uploads\/2019\/05\/572_GS_210_Frankfurt-am-Main_Gegen-Diskriminierungen-und-f\u00fcr-die-Gleichbehandlung-von-LSBTTIQ_.pdf\">572_GS_210_Frankfurt am Main_Gegen Diskriminierungen und f\u00fcr die Gleichbehandlung von LSBTTIQ_<\/a><\/li>\n<li><a href=\"https:\/\/offensive-gewerkschaftspolitik.de\/wp-content\/uploads\/2019\/05\/570_GS_210_Frankfurt-am-Main_Bekenntnis-zum-Antifaschismus-Grundpfeiler-gewerkschaftlicher-Arbeit.pdf\">570_GS_210_Frankfurt am Main_Bekenntnis zum Antifaschismus &#8211; Grundpfeiler gewerkschaftlicher Arbeit<\/a><\/li>\n<li><a href=\"https:\/\/offensive-gewerkschaftspolitik.de\/wp-content\/uploads\/2019\/05\/GWT2019-Antrag-Nordhessen-Gefl\u00fcchtete-auf-dem-Arbeitsmarkt.pdf\">GWT2019-Antrag Nordhessen-Gefl\u00fcchtete auf dem Arbeitsmarkt<\/a><\/li>\n<\/ul>\n<p><strong>Betriebs- und Tarifpolitische Antr\u00e4ge<\/strong><\/p>\n<ul>\n<li><a href=\"https:\/\/offensive-gewerkschaftspolitik.de\/wp-content\/uploads\/2019\/04\/GWT2019-Antrag-Salzgitter-Wo-Tarifvertrag-drauf-steht-muss-auch-Tarifvertrag-drin-sein.pdf\">GWT2019-Antrag Salzgitter-Wo Tarifvertrag drauf steht, muss auch Tarifvertrag drin sein<\/a><\/li>\n<li><a href=\"https:\/\/offensive-gewerkschaftspolitik.de\/wp-content\/uploads\/2019\/04\/GWT2019-Antrag-Salzgitter-Keine-Tarifdispositiven-Regelungen-zur-Verschlechterung-von-Gesetzen.pdf\">GWT2019-Antrag Salzgitter-Keine Tarifdispositiven Regelungen zur Verschlechterung von Gesetzen<\/a><\/li>\n<li><a href=\"https:\/\/offensive-gewerkschaftspolitik.de\/wp-content\/uploads\/2019\/04\/GWT2019-Antrag-Offenburg-Ganztageswarnstreiks.pdf\">GWT2019-Antrag Offenburg-Ganztageswarnstreiks<\/a><\/li>\n<li><a href=\"https:\/\/offensive-gewerkschaftspolitik.de\/wp-content\/uploads\/2019\/04\/GWT2019-Antrag-HanauFulda-AZV.pdf\">GWT2019-Antrag HanauFulda-AZV<\/a><\/li>\n<li><a href=\"https:\/\/offensive-gewerkschaftspolitik.de\/wp-content\/uploads\/2019\/04\/GWT2019-Antrag-Gelsenkirchen-Tarifvertrag_Vertrauensleute.pdf\">GWT2019-Antrag Gelsenkirchen-Tarifvertrag_Vertrauensleute<\/a><\/li>\n<li><a href=\"https:\/\/offensive-gewerkschaftspolitik.de\/wp-content\/uploads\/2019\/04\/GWT2019-Antrag-Gelsenkirchen-Leistungspolitische_Initiative.pdf\">GWT2019-Antrag Gelsenkirchen-Leistungspolitische_Initiative<\/a><\/li>\n<li><a href=\"https:\/\/offensive-gewerkschaftspolitik.de\/wp-content\/uploads\/2019\/04\/GWT2019-Antrag-Offenbach-Unternehmensbeauftragungen-Eine-wirkungsvolle-Betreuung-von-Unternehmen-und-Konzernen.pdf\">GWT2019-Antrag Offenbach-Unternehmensbeauftragungen &#8211; Eine wirkungsvolle Betreuung von Unternehmen und Konzernen<\/a><\/li>\n<li><a href=\"https:\/\/offensive-gewerkschaftspolitik.de\/wp-content\/uploads\/2019\/04\/GWT2019-Antrag-Offenbach-Angleichung-der-Eckentgelte-in-der-Metall-und-Elektroindustrie.pdf\">GWT2019-Antrag Offenbach-Angleichung der Eckentgelte in der Metall- und Elektroindustrie<\/a><\/li>\n<li><a href=\"https:\/\/offensive-gewerkschaftspolitik.de\/wp-content\/uploads\/2019\/04\/GWT2019-Antrag-LudwigshafenFrankenthal-TV-Angleichung_final.pdf\">GWT2019-Antrag LudwigshafenFrankenthal-TV Angleichung<\/a><\/li>\n<li><a href=\"https:\/\/offensive-gewerkschaftspolitik.de\/wp-content\/uploads\/2019\/04\/GWT2019-Antrag-LudwigshafenFrankenthal-Leistungspolitik-LU-FT_final.pdf\">GWT2019-Antrag LudwigshafenFrankenthal-Leistungspolitik<\/a><\/li>\n<li><a href=\"https:\/\/offensive-gewerkschaftspolitik.de\/wp-content\/uploads\/2019\/04\/GWT2019-Antrag-LudwigshafenFrankenthal-LuR_209.pdf\">GWT2019-Antrag LudwigshafenFrankenthal-LuR_209<\/a><\/li>\n<li><a href=\"https:\/\/offensive-gewerkschaftspolitik.de\/wp-content\/uploads\/2019\/04\/GWT2019-Antrag-LudwigshafenFrankenthal-AZV-Digitalisierung_final.pdf\">GWT2019-Antrag LudwigshafenFrankenthal-AZV Digitalisierung<\/a><\/li>\n<li><a href=\"https:\/\/offensive-gewerkschaftspolitik.de\/wp-content\/uploads\/2019\/04\/GWT2019-Antrag-LudwigshafenFrankenthal-AZV-8-Tage_final.pdf\">GWT2019-Antrag LudwigshafenFrankenthal-AZV 8 Tage<\/a><\/li>\n<li><a href=\"https:\/\/offensive-gewerkschaftspolitik.de\/wp-content\/uploads\/2019\/04\/GWT2019-Antrag-WiesbadenLimburg-Vereinbarkeit-von-Leben-und-Schichtarbeit.pdf\">GWT2019-Antrag WiesbadenLimburg-Vereinbarkeit von Leben und Schichtarbeit<\/a><\/li>\n<li><a href=\"https:\/\/offensive-gewerkschaftspolitik.de\/wp-content\/uploads\/2019\/04\/GWT2019-Antrag-Kaiserslautern-Mehr-als-zwei-Geschlechter.pdf\">GWT2019-Antrag Kaiserslautern-Mehr als zwei Geschlechter<\/a><\/li>\n<li><a href=\"https:\/\/offensive-gewerkschaftspolitik.de\/wp-content\/uploads\/2019\/05\/566_GS_210_Frankfurt-am-Main_Tarifvertrag-f\u00fcr-Vertrauensleute.pdf\">566_GS_210_Frankfurt am Main_Tarifvertrag f\u00fcr Vertrauensleute<\/a><\/li>\n<li><a href=\"https:\/\/offensive-gewerkschaftspolitik.de\/wp-content\/uploads\/2019\/05\/565_GS_210_Frankfurt-am-Main_Informationsmaterial-zu-verschiedenen-Arten-von-Entgelterh\u00f6hung.pdf\">565_GS_210_Frankfurt am Main_Informationsmaterial zu verschiedenen Arten von Entgelterh\u00f6hung<\/a><\/li>\n<li><a href=\"https:\/\/offensive-gewerkschaftspolitik.de\/wp-content\/uploads\/2019\/05\/577_GS_210_Frankfurt-am-Main_Leiharbeit.pdf\">577_GS_210_Frankfurt am Main_Leiharbeit<\/a><\/li>\n<li><a href=\"https:\/\/offensive-gewerkschaftspolitik.de\/wp-content\/uploads\/2019\/05\/GWT2019-Antrag-Nordhessen-Vereinbarkeit-von-Leben-und-Schichtarbeit.pdf\">GWT2019-Antrag Nordhessen-Vereinbarkeit von Leben und Schichtarbeit<\/a><\/li>\n<\/ul>\n<p><strong>Organisationspolitische Antr\u00e4ge<\/strong><\/p>\n<ul>\n<li><a href=\"https:\/\/offensive-gewerkschaftspolitik.de\/wp-content\/uploads\/2019\/04\/GWT2019-Antrag-Salzgitter-Seminare-f\u00fcr-Geh\u00f6rlose.pdf\">GWT2019-Antrag-Salzgitter-Seminare f\u00fcr Geh\u00f6rlose<\/a><\/li>\n<li><a href=\"https:\/\/offensive-gewerkschaftspolitik.de\/wp-content\/uploads\/2019\/04\/GWT2019-Antrag-Salzgitter-Gew.-Arbeitslosengruppen-unterst\u00fctzen.pdf\">GWT2019-Antrag Salzgitter-Gew. Arbeitslosengruppen unterst\u00fctzen<\/a><\/li>\n<li><a href=\"https:\/\/offensive-gewerkschaftspolitik.de\/wp-content\/uploads\/2019\/04\/GWT2019-Antrag-Salzgitter-Grundlagenseminar-Umweltschutz_AGU.pdf\">GWT2019-Antrag Salzgitter-Grundlagenseminar Umweltschutz_AGU<\/a><\/li>\n<li><a href=\"https:\/\/offensive-gewerkschaftspolitik.de\/wp-content\/uploads\/2019\/04\/GWT2019-Antrag-Salzgitter-Internationaler-Tag-der-Menschen-mit-Behinderung.pdf\">GWT2019-Antrag Salzgitter-Internationaler Tag der Menschen mit Behinderung<\/a><\/li>\n<li><a href=\"https:\/\/offensive-gewerkschaftspolitik.de\/wp-content\/uploads\/2019\/04\/GWT2019-Antrag-Salzgitter-Kinderbetreuung-in-allen-Bildungszentren-der-IG-Metall.pdf\">GWT2019-Antrag Salzgitter-Kinderbetreuung in allen Bildungszentren der IG Metall<\/a><\/li>\n<li><a href=\"https:\/\/offensive-gewerkschaftspolitik.de\/wp-content\/uploads\/2019\/04\/GWT2019-Antrag-Salzgitter-Teamprinzip-einhalten.pdf\">GWT2019-Antrag Salzgitter-Teamprinzip einhalten<\/a><\/li>\n<li><a href=\"https:\/\/offensive-gewerkschaftspolitik.de\/wp-content\/uploads\/2019\/04\/GWT2019-Antrag-Salzgitter-Demokratische-Alphabetisierung.pdf\">GWT2019-Antrag Salzgitter-Demokratische Alphabetisierung<\/a><\/li>\n<li><a href=\"https:\/\/offensive-gewerkschaftspolitik.de\/wp-content\/uploads\/2019\/04\/GWT2019-Antrag-Salzgitter-Bildungsbeauftragte-unterst\u00fctzen.pdf\">GWT2019-Antrag Salzgitter-Bildungsbeauftragte unterst\u00fctzen<\/a><\/li>\n<li><a href=\"https:\/\/offensive-gewerkschaftspolitik.de\/wp-content\/uploads\/2019\/04\/GWT2019-Antrag-HanauFulda-Beteiligung-von-Frauen.pdf\">GWT2019-Antrag HanauFulda-Beteiligung von Frauen<\/a><\/li>\n<li><a href=\"https:\/\/offensive-gewerkschaftspolitik.de\/wp-content\/uploads\/2019\/04\/GWT2019-Antrag-HanauFulda-Bildung.pdf\">GWT2019-Antrag HanauFulda-Bildung<\/a><\/li>\n<li><a href=\"https:\/\/offensive-gewerkschaftspolitik.de\/wp-content\/uploads\/2019\/04\/GWT2019-Antrag-HanauFulda-RKA-BIldung.pdf\">GWT2019-Antrag HanauFulda-RKA BIldung<\/a><\/li>\n<li><a href=\"https:\/\/offensive-gewerkschaftspolitik.de\/wp-content\/uploads\/2019\/04\/GWT2019-Antrag-HanauFulda-Verh\u00e4ltnis-der-IG-Metall-zur-AfD.pdf\">GWT2019-Antrag HanauFulda-Verh\u00e4ltnis der IG Metall zur AfD<\/a><\/li>\n<li><a href=\"https:\/\/offensive-gewerkschaftspolitik.de\/wp-content\/uploads\/2019\/04\/GWT2019-Antrag-Gelsenkirchen-Satzungsaenderung.pdf\">GWT2019-Antrag Gelsenkirchen-Satzungsaenderung<\/a><\/li>\n<li><a href=\"https:\/\/offensive-gewerkschaftspolitik.de\/wp-content\/uploads\/2019\/04\/GWT2019-Antrag-Gelsenkirchen-Organisationspolitik_SeniorInnen.pdf\">GWT2019-Antrag Gelsenkirchen-Organisationspolitik_SeniorInnen<\/a><\/li>\n<li><a href=\"https:\/\/offensive-gewerkschaftspolitik.de\/wp-content\/uploads\/2019\/05\/569_GS_210_Frankfurt-am-Main_Kinderbetreuung.pdf\">569_GS_210_Frankfurt am Main_Kinderbetreuung<\/a><\/li>\n<li><a href=\"https:\/\/offensive-gewerkschaftspolitik.de\/wp-content\/uploads\/2019\/05\/568_GS_210_Frankfurt-am-Main_Leben-in-der-Medienflut-Medien-Meinungen-Manipulation.pdf\">568_GS_210_Frankfurt am Main_Leben in der Medienflut -Medien, Meinungen, Manipulation<\/a><\/li>\n<li><a href=\"https:\/\/offensive-gewerkschaftspolitik.de\/wp-content\/uploads\/2019\/05\/563_GS_210_Seminare-f\u00fcr-geh\u00f6rlose-IG-Metall-Mitglieder.pdf\">563_GS_210_Seminare f\u00fcr geh\u00f6rlose IG Metall Mitglieder<\/a><\/li>\n<li><a href=\"https:\/\/offensive-gewerkschaftspolitik.de\/wp-content\/uploads\/2019\/05\/571_GS_210_Frankfurt-am-Main_Schutz-der-gesetzlichen-Unfallversicherung-auch-f\u00fcr-ehrenamtlich-Aktive-der-IG-Metall.pdf\">571_GS_210_Frankfurt am Main_Schutz der gesetzlichen Unfallversicherung auch f\u00fcr ehrenamtlich Aktive der IG Metall<\/a><\/li>\n<\/ul>\n<p><strong>Aktionsprogramm zur Mobilit\u00e4ts- und Energiewende<\/strong><\/p>\n<ul>\n<li><a href=\"https:\/\/offensive-gewerkschaftspolitik.de\/wp-content\/uploads\/2019\/04\/GWT2019-Antrag-Salzgitter-Branchenarbeit.pdf\">GWT2019-Antrag Salzgitter-Branchenarbeit<\/a><\/li>\n<li><a href=\"https:\/\/offensive-gewerkschaftspolitik.de\/wp-content\/uploads\/2019\/05\/575_GS_210_Frankfurt-am-Main_Debatte-\u00fcber-alternative-Verkehrskonzepte.pdf\">575_GS_210_Frankfurt am Main_Debatte \u00fcber alternative Verkehrskonzepte<\/a><\/li>\n<\/ul>\n<p>Weitere Antr\u00e4ge folgen.<\/p>\n","protected":false},"excerpt":{"rendered":"<p>Gesellschaftspoltische Antr\u00e4ge GWT2019-Antrag WiesbadenLimburg-solidarische Alterssicherung GWT2019-Antrag WiesbadenLimburg-F\u00fcr ein neues Arbeitsmarktregime GWT2019-Antrag-Salzgitter-Frieden und Abr\u00fcstung GWT2019-Antrag-Salzgitter-Renteneintrittsalter Schwerbehinderter GWT2019-Antrag Salzgitter-Zum Umgang der IG Metall mit der AfD GWT2019-Antrag Salzgitter-Zukunft der Alterssicherung GWT2019-Antrag Salzgitter-Verschlechterung der Versorgungsmedizin-Verordnung stoppen GWT2019-Antrag Salzgitter-BR fair bezahlen GWT2019-Antrag Salzgitter-BR-Wahl GWT2019-Antrag Salzgitter-Betriebliches Eingliederungsmanagement GWT2019-Antrag HanauFulda-Friedenspolitik GWT2019-Antrag Gelsenkirchen-Gesellschaftspolitik_Sozialversicherung GWT2019-Antrag Offenbach-Umgang mit der AfD GWT2019-Antrag LudwigshafenFrankenthal-Berufskrankheiten GWT2019-Antrag Saarbr\u00fccken-CO <a class=\"more-link\" href=\"https:\/\/offensive-gewerkschaftspolitik.de\/index.php\/antraege-gewerkschaftstag\/\">Weiterlesen &#8230;<\/a><\/p>\n","protected":false},"author":2,"featured_media":0,"parent":0,"menu_order":0,"comment_status":"closed","ping_status":"closed","template":"","meta":{"footnotes":""},"class_list":["post-155","page","type-page","status-publish","hentry"],"_links":{"self":[{"href":"https:\/\/offensive-gewerkschaftspolitik.de\/index.php\/wp-json\/wp\/v2\/pages\/155","targetHints":{"allow":["GET"]}}],"collection":[{"href":"https:\/\/offensive-gewerkschaftspolitik.de\/index.php\/wp-json\/wp\/v2\/pages"}],"about":[{"href":"https:\/\/offensive-gewerkschaftspolitik.de\/index.php\/wp-json\/wp\/v2\/types\/page"}],"author":[{"embeddable":true,"href":"https:\/\/offensive-gewerkschaftspolitik.de\/index.php\/wp-json\/wp\/v2\/users\/2"}],"replies":[{"embeddable":true,"href":"https:\/\/offensive-gewerkschaftspolitik.de\/index.php\/wp-json\/wp\/v2\/comments?post=155"}],"version-history":[{"count":16,"href":"https:\/\/offensive-gewerkschaftspolitik.de\/index.php\/wp-json\/wp\/v2\/pages\/155\/revisions"}],"predecessor-version":[{"id":392,"href":"https:\/\/offensive-gewerkschaftspolitik.de\/index.php\/wp-json\/wp\/v2\/pages\/155\/revisions\/392"}],"wp:attachment":[{"href":"https:\/\/offensive-gewerkschaftspolitik.de\/index.php\/wp-json\/wp\/v2\/media?parent=155"}],"curies":[{"name":"wp","href":"https:\/\/api.w.org\/{rel}","templated":true}]}}